379350?
3
What is the units digit of 2644475?
5
What is the tens digit of 3917770?
7
What is the tens digit of 817072?
7
What is the thousands digit of 1066073?
6
What is the hundreds digit of 4499504?
5
What is the ten thousands digit of 8523122?
2
What is the tens digit of 200815?
1
What is the tens digit of 123102?
0
What is the hundreds digit of 1846710?
7
What is the thousands digit of 1998662?
8
What is the ten thousands digit of 1024098?
2
What is the units digit of 191472?
2
What is the hundreds digit of 19762?
7
What is the hundreds digit of 1929001?
0
What is the thousands digit of 7491022?
1
What is the tens digit of 405904?
0
What is the hundreds digit of 8119072?
0
What is the millions digit of 1301882?
1
What is the tens digit of 292111?
1
What is the ten thousands digit of 779838?
7
What is the hundreds digit of 5002079?
0
What is the ten thousands digit of 1123507?
2
What is the hundred thousands digit of 341515?
3
What is the hundreds digit of 5645?
6
What is the thousands digit of 73567?
3
What is the units digit of 3448724?
4
What is the millions digit of 1082373?
1
What is the hundred thousands digit of 5898130?
8
What is the ten thousands digit of 1226271?
2
What is the units digit of 75685?
5
What is the thousands digit of 1197736?
7
What is the ten thousands digit of 74109?
7
What is the tens digit of 5004704?
0
What is the tens digit of 333227?
2
What is the tens digit of 2951116?
1
What is the millions digit of 5773291?
5
What is the tens digit of 2733185?
8
What is the hundred thousands digit of 11564318?
5
What is the millions digit of 4897908?
4
What is the ten millions digit of 11626728?
1
What is the hundreds digit of 1928333?
3
What is the tens digit of 431461?
6
What is the ten thousands digit of 1252604?
5
What is the thousands digit of 127573?
7
What is the hundred thousands digit of 28326373?
3
What is the hundred thousands digit of 631442?
6
What is the millions digit of 3949996?
3
What is the units digit of 60612?
2
What is the millions digit of 1323991?
1
What is the ten thousands digit of 207822?
0
What is the ten thousands digit of 353827?
5
What is the tens digit of 36180?
8
What is the hundred thousands digit of 39531236?
5
What is the hundreds digit of 115267?
2
What is the hundreds digit of 16795945?
9
What is the thousands digit of 154551?
4
What is the units digit of 475997?
7
What is the millions digit of 4769490?
4
What is the millions digit of 9430077?
9
What is the millions digit of 1732273?
1
What is the hundred thousands digit of 354223?
3
What is the tens digit of 535098?
9
What is the hundreds digit of 134361?
3
What is the thousands digit of 89466?
9
What is the tens digit of 2916114?
1
What is the units digit of 8162636?
6
What is the units digit of 50330?
0
What is the ten thousands digit of 5745040?
4
What is the tens digit of 85980?
8
What is the hundred thousands digit of 1151710?
1
What is the ten thousands digit of 176971?
7
What is the thousands digit of 44481?
4
What is the ten thousands digit of 137926?
3
What is the millions digit of 9242252?
9
What is the thousands digit of 10906786?
6
What is the hundred thousands digit of 1732991?
7
What is the units digit of 59744?
4
What is the thousands digit of 365405?
5
What is the hundreds digit of 521558?
5
What is the thousands digit of 191531?
1
What is the hundreds digit of 1410217?
2
What is the tens digit of 171840?
4
What is the units digit of 702576?
6
What is the thousands digit of 525213?
5
What is the hundreds digit of 2934026?
0
What is the units digit of 3141322?
2
What is the units digit of 70487?
7
What is the units digit of 89293?
3
What is the units digit of 801590?
0
What is the thousands digit of 37432048?
2
What is the tens digit of 5788821?
2
What is the units digit of 339953?
3
What is the ten thousands digit of 306475?
0
What is the thousands digit of 1859671?
9
What is the ten thousands digit of 31193?
3
What is the ten thousands digit of 55121?
5
What is the thousands digit of 109717?
9
What is the hundred thousands digit of 6177414?
1
What is the hundreds digit of 698694?
6
What is the ten thousands digit of 231818?
3
What is the thousands digit of 4466820?
6
What is the units digit of 9939992?
2
What is the hundred thousands digit of 213247?
2
What is the ten thousands digit of 101656?
0
What is the thousands digit of 1253478?
3
What is the tens digit of 6247168?
6
What is the units digit of 2295056?
6
What is the tens digit of 494368?
6
What is the units digit of 344028?
8
What is the tens digit of 173498?
9
What is the hundreds digit of 171752?
7
What is the hundreds digit of 256033?
0
What is the units digit of 5317108?
8
What is the hundreds digit of 276951?
9
What is the millions digit of 2946201?
2
What is the units digit of 11326126?
6
What is the thousands digit of 1154835?
4
What is the ten thousands digit of 1066006?
6
What is the millions digit of 4696638?
4
What is the thousands digit of 5967056?
7
What is the tens digit of 2409075?
7
What is the thousands digit of 23830306?
0
What is the ten thousands digit of 20039751?
3
What is the millions digit of 3680365?
3
What is the tens digit of 1653056?
5
What is the ten thousands digit of 1010950?
1
What is the thousands digit of 761174?
1
What is the units digit of 5161907?
7
What is the millions digit of 12589851?
2
What is the hundreds digit of 267344?
3
What is the hundreds digit of 307951?
9
What is the hundreds digit of 4799027?
0
What is the units digit of 8157378?
8
What is the hundreds digit of 218021?
0
What is the ten thousands digit of 239308?
3
What is the tens digit of 27080?
8
What is the thousands digit of 429533?
9
What is the hundreds digit of 612859?
8
What is the millions digit of 30685560?
0
What is the thousands digit of 221066?
1
What is the ten thousands digit of 1028901?
2
What is the tens digit of 81644?
4
What is the thousands digit of 782325?
2
What is the hundreds digit of 2043657?
6
What is the units digit of 883936?
6
What is the tens digit of 194515?
1
What is the thousands digit of 488716?
8
What is the ten thousands digit of 1330386?
3
What is the thousands digit of 3111364?
1
What is the hundred thousands digit of 221415?
2
What is the thousands digit of 1555964?
5
What is the ten millions digit of 35274027?
3
What is the ten millions digit of 13942420?
1
What is the units digit of 35774?
4
What is the hundred thousands digit of 3538878?
5
What is the thousands digit of 303350?
3
What is the hundred thousands digit of 426593?
4
What is the ten thousands digit of 74525?
7
What is the hundred thousands digit of 368874?
3
What is the tens digit of 269714?
1
What is the hundreds digit of 52461?
4
What is the units digit of 89088?
8
What is the tens digit of 2976651?
5
What is the tens digit of 888925?
2
What is the tens digit of 2135?
3
What is the tens digit of 100735?
3
What is the units digit of 5262312?
2
What is the tens digit of 4059130?
3
What is the ten thousands digit of 176514?
7
What is the hundred thousands digit of 11145603?
1
What is the thousands digit of 180530?
0
What is the millions digit of 34644390?
4
What is the tens digit of 12103607?
0
What is the thousands digit of 424525?
4
What is the units digit of 12705290?
0
What is the units digit of 102228?
8
What is the thousands digit of 9015243?
5
What is the millions digit of 29877054?
9
What is the tens digit of 3655296?
9
What is the tens digit of 676965?
6
What is the ten thousands digit of 4930186?
3
What is the hundred thousands digit of 167626?
1
What is the tens digit of 846000?
0
What is the tens digit of 96014?
1
What is the ten thousands digit of 827393?
2
What is the tens digit of 3916384?
8
What is the hundreds digit of 258218?
2
What is the ten thousands digit of 9555288?
5
What is the thousands digit of 1783472?
3
What is the tens digit of 52481?
8
What is the tens digit of 1018040?
4
What is the tens digit of 129798?
9
What is the ten thousands digit of 2871444?
7
What is the thousands digit of 4380008?
0
What is the hundreds digit of 13044819?
8
What is the millions digit of 1127572?
1
What is the hundreds digit of 348909?
9
What is the thousands digit of 77370?
7
What is the hundred thousands digit of 13942491?
9
What is the ten mill